ate the highest common divisor of 1449 and 128639.
161
What is the greatest common factor of 747 and 49053?
249
Calculate the highest common divisor of 211977 and 81.
81
What is the highest common factor of 9 and 3696075?
9
What is the highest common factor of 137160 and 486?
54
What is the highest common divisor of 816 and 4568240?
272
What is the greatest common divisor of 30 and 6880290?
30
Calculate the highest common divisor of 847 and 8833.
121
Calculate the greatest common divisor of 22 and 414623.
11
What is the highest common factor of 815865 and 47904?
1497
What is the highest common factor of 738 and 747?
9
Calculate the greatest common factor of 37418 and 3392.
106
Calculate the highest common divisor of 20576 and 32.
32
Calculate the highest common factor of 708 and 252.
12
What is the highest common divisor of 36284 and 1930?
386
Calculate the highest common factor of 336 and 333816.
168
What is the greatest common divisor of 48 and 78636?
12
What is the greatest common factor of 22561 and 693?
77
What is the highest common factor of 3840 and 100380?
60
Calculate the highest common divisor of 2781610 and 130.
130
Calculate the highest common divisor of 860058 and 54.
54
Calculate the highest common divisor of 7 and 235823.
7
Calculate the greatest common divisor of 14696 and 40.
8
What is the highest common divisor of 66 and 6193?
11
What is the greatest common divisor of 140 and 15500?
20
Calculate the greatest common factor of 15358 and 126.
14
Calculate the greatest common factor of 479034 and 648.
162
What is the highest common divisor of 708680 and 2240?
280
Calculate the highest common factor of 661075 and 62.
31
What is the greatest common factor of 63 and 216225?
9
What is the highest common divisor of 32208 and 144?
48
Calculate the highest common divisor of 104 and 280202.
26
Calculate the greatest common divisor of 381005 and 2715.
905
Calculate the highest common divisor of 6 and 8121.
3
Calculate the highest common divisor of 156 and 205881.
39
Calculate the highest common factor of 10089 and 1653.
57
What is the highest common factor of 771 and 140579?
257
What is the greatest common divisor of 6 and 48630?
6
What is the greatest common divisor of 3647 and 6773?
521
What is the highest common divisor of 783 and 41121?
27
Calculate the greatest common factor of 178816 and 16.
16
Calculate the highest common divisor of 3968 and 3906.
62
Calculate the highest common divisor of 2040 and 4181184.
408
Calculate the highest common divisor of 576 and 423.
9
Calculate the greatest common divisor of 1273341 and 10056.
1257
What is the highest common divisor of 10262 and 252?
14
Calculate the highest common factor of 272898 and 99.
9
Calculate the greatest common factor of 2656761 and 1038.
519
Calculate the highest common divisor of 10260 and 162.
54
Calculate the highest common divisor of 8390980 and 13.
13
What is the greatest common factor of 7990161 and 249?
249
Calculate the highest common divisor of 432 and 18000.
144
What is the highest common divisor of 1080 and 188190?
270
Calculate the greatest common factor of 29322 and 270.
54
Calculate the greatest common factor of 1812 and 228.
12
Calculate the greatest common factor of 984184 and 344.
344
What is the greatest common divisor of 332 and 48970?
166
Calculate the highest common factor of 134805 and 258.
129
What is the highest common divisor of 6300 and 2270?
10
Calculate the greatest common factor of 54 and 14067.
27
What is the highest common factor of 12 and 661422?
6
What is the greatest common divisor of 2910 and 347?
1
Calculate the highest common factor of 133095 and 7125.
285
What is the greatest common factor of 11950 and 50?
50
What is the highest common factor of 204179 and 764?
191
Calculate the greatest common factor of 189877 and 1.
1
Calculate the highest common divisor of 1530 and 34459.
17
Calculate the highest common factor of 3341 and 8099.
13
What is the greatest common divisor of 1577 and 4883?
19
Calculate the highest common factor of 28618 and 162634.
698
What is the greatest common factor of 244 and 946354?
122
Calculate the greatest common divisor of 575 and 89500.
25
Calculate the greatest common divisor of 195746 and 970.
194
What is the greatest common divisor of 174 and 248?
2
What is the highest common factor of 3076610 and 232?
58
Calculate the greatest common divisor of 414 and 2916.
18
What is the highest common divisor of 82 and 820?
82
Calculate the greatest common factor of 38856 and 240.
24
Calculate the greatest common factor of 5164459 and 4555.
911
What is the greatest common factor of 104065 and 715?
65
What is the greatest common divisor of 1832974 and 13?
13
What is the greatest common factor of 22202 and 731?
17
Calculate the highest common divisor of 186 and 1625919.
93
Calculate the highest common divisor of 2070 and 28083690.
2070
Calculate the highest common divisor of 38973 and 297.
33
What is the highest common factor of 1517 and 2952?
41
Calculate the greatest common divisor of 496 and 6492268.
124
Calculate the greatest common factor of 2199309 and 21.
21
What is the highest common divisor of 313 and 399701?
313
Calculate the greatest common factor of 561 and 204.
51
Calculate the highest common divisor of 14858 and 14756.
34
Calculate the highest common divisor of 10860 and 60.
60
What is the highest common divisor of 1300 and 4746950?
650
Calculate the highest common divisor of 335142 and 3483.
387
Calculate the highest common divisor of 355 and 25702.
71
What is the greatest common factor of 39770 and 582?
194
What is the greatest common divisor of 448 and 1669024?
224
Calculate the highest common divisor of 20 and 40204.
4
What is the highest common divisor of 919479 and 1683?
561
Calculate the highest common divisor of 53694 and 2512.
314
Calculate the highest common divisor of 4878426 and 861.
861
Calculate the greatest common factor of 32 and 165136.
16
Calculate the greatest common factor of 16 and 7584.
16
Calculate the highest common divisor of 24 and 61566.
6
What is the highest common divisor of 9424 and 191704?
248
What is the highest common divisor of 568017 and 18?
9
What is the highest common divisor of 137 and 142343?
137
What is the highest common divisor of 18 and 50593?
1
Calculate the greatest common factor of 3084 and 127.
1
Calculate the highest common divisor of 972394 and 46.
46
Calculate the highest common factor of 1600 and 485840.
80
What is the highest common divisor of 765 and 584001?
153
What is the greatest common factor of 36 and 937392?
12
Calculate the greatest common divisor of 4416 and 6432.
96
What is the greatest common factor of 365 and 151840?
365
Calculate the highest common divisor of 2401080 and 561.
561
What is the greatest common divisor of 80 and 3117940?
20
Calculate the greatest common factor of 3510 and 23010.
390
What is the greatest common factor of 850 and 26656?
34
What is the highest common divisor of 1060 and 3387230?
530
What is the highest common factor of 31 and 8317?
1
Calculate the highest common divisor of 1464 and 637755.
183
What is the highest common divisor of 77 and 14806?
11
Calculate the highest common divisor of 81 and 4293.
81
Calculate the greatest common factor of 183 and 510387.
183
Calculate the greatest common divisor of 27265 and 532.
133
What is the highest common factor of 380 and 460?
20
What is the greatest common factor of 6540 and 66180?
60
What is the greatest common divisor of 4 and 44148?
4
Calculate the highest common divisor of 46 and 15.
1
What is the greatest common divisor of 44 and 134948?
44
Calculate the greatest common divisor of 928 and 1682.
58
What is the greatest common divisor of 18282 and 72297?
831
Calculate the greatest common divisor of 42 and 93506.
14
Calculate the highest common factor of 6035 and 95285.
85
What is the greatest common divisor of 3 and 142183?
1
Calculate the greatest common divisor of 605 and 71874.
121
Calculate the greatest common factor of 390 and 116520.
30
What is the greatest common factor of 189 and 173061?
63
Calculate the greatest common divisor of 89207 and 74.
37
Calculate the highest common divisor of 20340 and 1493860.
2260
What is the greatest common factor of 80 and 39605?